15610819 prime?
True
Is 152101 prime?
False
Is 16568617 a prime number?
False
Is 59263619 prime?
True
Is 10804981 composite?
True
Is 15480107 prime?
True
Is 5705957 a composite number?
False
Is 325849 prime?
True
Is 92471599 a composite number?
True
Is 11500889 prime?
True
Is 59063369 a prime number?
True
Is 21982481 a composite number?
False
Is 349803523 composite?
False
Is 2378069 a composite number?
False
Is 12854483 composite?
False
Is 36070511 a prime number?
True
Is 392687999 a composite number?
True
Is 15229721 prime?
False
Is 125498431 composite?
True
Is 6410347 a prime number?
False
Is 21043153 a composite number?
False
Is 672479 a prime number?
False
Is 43401899 a prime number?
False
Is 421529 a composite number?
True
Is 3636337 a composite number?
True
Is 17843807 a composite number?
True
Is 13074403 composite?
False
Is 10829887 a prime number?
True
Is 1293739 a composite number?
False
Is 17545259 composite?
False
Is 82646431 prime?
False
Is 30967535 a composite number?
True
Is 26364781 a composite number?
False
Is 124280543 a composite number?
True
Is 9599401 a prime number?
False
Is 2694973 a prime number?
True
Is 28269653 a composite number?
False
Is 60161197 composite?
True
Is 9980279 a prime number?
True
Is 6149761 a composite number?
False
Is 17893081 a composite number?
False
Is 1073678 composite?
True
Is 4174369 a prime number?
True
Is 153735457 a prime number?
False
Is 590489 composite?
False
Is 486835229 a prime number?
True
Is 324901 prime?
True
Is 63390539 a composite number?
True
Is 566707 composite?
False
Is 80634221 a composite number?
True
Is 2865293 a composite number?
True
Is 50697389 composite?
False
Is 20610451 a composite number?
False
Is 198041819 a composite number?
True
Is 6052109 a composite number?
True
Is 20240483 prime?
False
Is 144726943 a composite number?
True
Is 25041127 prime?
True
Is 222515851 composite?
True
Is 17270593 a composite number?
False
Is 776297 prime?
False
Is 6153887 composite?
True
Is 43805303 a prime number?
True
Is 43617491 composite?
False
Is 252268873 a composite number?
False
Is 52214887 composite?
True
Is 278225369 composite?
False
Is 749371 prime?
False
Is 128256967 a prime number?
True
Is 48418667 composite?
True
Is 1093771 composite?
True
Is 8757389 prime?
True
Is 1324187 a prime number?
True
Is 23366543 prime?
True
Is 19025953 composite?
False
Is 207377 composite?
False
Is 5220797 prime?
True
Is 108644947 composite?
True
Is 66448709 composite?
True
Is 92806093 a prime number?
False
Is 16920793 composite?
False
Is 767021 a composite number?
True
Is 1211807 a composite number?
False
Is 263434009 composite?
True
Is 19136699 a prime number?
True
Is 643198541 composite?
False
Is 2375903 a composite number?
True
Is 483235829 composite?
True
Is 506987563 a composite number?
False
Is 2125679 a prime number?
True
Is 39709459 a prime number?
True
Is 61616987 a composite number?
True
Is 52827023 a prime number?
True
Is 164166529 composite?
False
Is 2334121 composite?
True
Is 5431577 prime?
True
Is 7825291 a composite number?
True
Is 7767659 a composite number?
False
Is 55200857 prime?
False
Is 26045059 prime?
True
Is 20635093 a prime number?
False
Is 12554207 prime?
True
Is 124209419 prime?
True
Is 15563785 composite?
True
Is 90090217 a prime number?
False
Is 311202622 prime?
False
Is 9344639 a composite number?
False
Is 25395193 a prime number?
False
Is 198127337 a prime number?
True
Is 37070663 composite?
True
Is 81380111 prime?
True
Is 13412851 a prime number?
False
Is 4592617 prime?
False
Is 12541727 prime?
False
Is 2960681 composite?
False
Is 2418067 prime?
True
Is 5094647 a prime number?
True
Is 515474171 prime?
True
Is 75480281 a composite number?
False
Is 1533559 a composite number?
True
Is 57310153 composite?
True
Is 9455819 a composite number?
False
Is 85494293 prime?
True
Is 18632191 a composite number?
False
Is 1569415 composite?
True
Is 42028487 composite?
True
Is 56706799 a composite number?
True
Is 467651 a prime number?
True
Is 836599 composite?
True
Is 3334706 a composite number?
True
Is 1421603 a prime number?
True
Is 49994257 a prime number?
True
Is 45992161 prime?
False
Is 4789193 a prime number?
True
Is 46541141 a composite number?
False
Is 4883003 a composite number?
False
Is 1043453 prime?
True
Is 16115347 a composite number?
False
Is 83893697 composite?
False
Is 16016731 prime?
True
Is 3114481 a composite number?
True
Is 3125611 composite?
False
Is 4234441 composite?
True
Is 482583 prime?
False
Is 7079207 prime?
False
Is 7860417 prime?
False
Is 9115993 prime?
True
Is 4949993 prime?
False
Is 6041837 composite?
True
Is 6406273 prime?
False
Is 4305479 prime?
True
Is 53148071 composite?
False
Is 232467163 a composite number?
True
Is 10431194 a composite number?
True
Is 3527371 a composite number?
False
Is 146535005 a composite number?
True
Is 468511763 a composite number?
True
Is 65972297 composite?
True
Is 124860409 prime?
True
Is 2601013 prime?
False
Is 2506313 prime?
True
Is 17652291 a prime number?
False
Is 3405421 prime?
False
Is 1729033 prime?
True
Is 81393479 composite?
True
Is 5609854 composite?
True
Is 207617 prime?
False
Is 39367949 a prime number?
True
Is 3709991 a composite number?
True
Is 5939691 composite?
True
Is 7355057 a prime number?
False
Is 9459445 a prime number?
False
Is 410200061 a composite number?
False
Is 1046159 a prime number?
False
Is 6378101 composite?
False
Is 184864151 a prime number?
False
Is 92628362 prime?
False
Is 5590439 composite?
False
Is 48466181 prime?
True
Is 4243147 composite?
False
Is 733307 prime?
True
Is 2766821 a composite number?
False
Is 3696937 a composite number?
True
Is 6042307 a prime number?
False
Is 154459207 composite?
True
Is 41398907 a prime number?
False
Is 86844659 composite?
True
Is 204867869 a prime number?
True
Is 371350621 composite?
True
Is 95210891 a prime number?
True
Is 7239203 composite?
True
Is 387650561 prime?
True
Is 561886513 a composite number?
True
Is 827957743 prime?
False
Is 173072143 a composite number?
False
Is 49901389 a prime number?
True
Is 15554933 a prime number?
False
Is 12232579 a composite number?
False
Is 965199219 composite?
True
Is 93966655 a composite number?
True
Is 104699473 prime?
False
Is 13199863 a prime number?
True
Is 965582467 composite?
False
Is 341569051 a composite number?
False
Is 52731377 a composite number?
False
Is 280695557 prime?
True
Is 190472831 a prime number?
False
Is 1356671 prime?
True
Is 51622723 composite?
False
Is 13374719 a prime number?
False
Is 1112413 composite?
False
Is 60785771 composite?
True
Is 6582629 a composite number?
True
Is 53815219 prime?
True
Is 59029403 composite?
True
Is 16707309 a composite number?
True
Is 4450403 composite?
True
Is 144357851 composite?
True
Is 54930943 a composite number?
True
Is 690955 a prime number?
False
Is 8024813 composite?
False
Is 103731023 a composite number?
True
Is 3306998 prime?
False
Is 25307171 composite?
False
Is 149738233 composite?
True
Is 30653911 prime?
True
Is 4460821 a prime number?
False
Is 9707143 a composite number?
False
Is 531488179 composite?
True
Is 73976699 a composite number?
False
Is 27517363 prime?
True
Is 4220313 a prime number?
False
Is 6163699 prime?
False
Is 11334599 composite?
False
Is 45231707 a composite number?
False
Is 1547501 a prime number?
True
Is 3363617 composite?
False
Is 1472959 prime?
True
Is 6243707 prime?
True
Is 96289 a prime number?
True
Is 41825657 composite?
True
Is 151427543 a composite number?
False
Is 3324298 a prime number?
False
Is 1617697 a prime number?
True
Is 66969239 a prime number?
False
Is 6155447 a composite number?
False
Is 5169283 prime?
False
Is 3971087 prime?
True
Is 7075781 composite?
True
Is 16159669 prime?
True
Is 61867921 composite?
True
Is 277114253 prime?
False
Is 6583249 composite?
False
Is 80912653 a composite number?
False
Is 2971633 composite?
True
Is 91997 prime?
True
Is 34596917 a composite number?
False
Is 8930041 composite?
True
Is 18342979 a prime number?
False
Is 4628389 a composite number?
False
Is 12844219 a composite number?
True
Is 203654915 a prime number?
False
Is 2050169 composite?
True
Is 1840361 a composite number?
True
Is 10275211 composite?
False
Is 1560877 a prime number?
True
Is 20040359 a composite number?
Fals